+ (2 - 0). Let z(w) = 2*w**2 + 4*w + 2. Let y be z(k). Let l(g) = y - g + 14*g - 1. Determine l(-1).
-12
Suppose -3 = m + 1. Let p(f) = 1. Let c(z) = -z**2 - 13. Let t(l) = m*p(l) - c(l). What is t(0)?
9
Let c(g) = -2*g - 2. Let z be c(-2). Let m(r) be the third derivative of -5/24*r**4 + 0*r + 0 - 2*r**z + 1/60*r**5 - 1/3*r**3. What is m(5)?
-2
Suppose 0 = 3*h + 4*n + 1 + 18, -h = 3*n + 13. Let g(d) = -709*d**3 + d**2 - d + d + 704*d**3. Give g(h).
6
Let n(k) = k**2 - 6*k + 6. Let o(a) = 10*a**2 - 12*a - 18. Let y(u) = -7*u**2 + 8*u + 12. Let g(l) = 5*o(l) + 7*y(l). Let x be g(6). Give n(x).
6
Let a = 1 + 2. Let r(t) = -4*t + 2*t - a*t - 1. Let g be 0 - (6/3 + -3). Give r(g).
-6
Let n(z) be the first derivative of -z**4/4 - 8*z**3/3 - z**2/2 - 10*z + 13. Determine n(-8).
-2
Let u(r) = r - 6. Suppose 0 = 4*t - 4*x + 8, -5*t + 5*x - 2*x = 6. Let f = 0 - t. Calculate u(f).
-6
Let i(p) = p. Suppose f - 14 = -3*s - 2, 0 = -4*s + 12. What is i(f)?
3
Let r(j) = j**3 - j**2 - j + 1. Let o(p) = -4*p**3 + 11*p**2 + 13*p - 2. Let y(w) = -o(w) - 5*r(w). Suppose 2*i + 4*g = -18, 4*i + 23 = -i + g. Calculate y(i).
12
Let w(y) be the third derivative of y**2 + 0 + 1/15*y**5 + 0*y + 0*y**3 + 0*y**4. Give w(-1).
4
Let r(p) = -p**3 - p**2 - 3*p - 2. Suppose 0 = o + 3*o. Let i = 27 - 21. Suppose o*x + i = -3*x. What is r(x)?
8
Let q(c) = c - 4. Let t be q(5). Let d(b) = -1 + t + 2*b. Determine d(-1).
-2
Let h = 17 - 18. Let m(q) = -4*q**2 - 1. Give m(h).
-5
Let d be 1*(-4 - -1) + 10. Let p(w) = w**3 - 8*w**2 + 6*w - 4. Determine p(d).
-11
Let r(k) = -k + 4. Let m be r(6). Let u(i) = -i**3 + 3*i + 2. What is u(m)?
4
Let g(h) = h**2 - 4*h**2 + 2*h**2 - 2*h + 5 - 3. Give g(3).
-13
Let g(z) = 3*z + 6. Suppose 6*w + 16 = 2*w. What is g(w)?
-6
Let j(n) = -n**3 + 3*n**2 + 3*n - 3. Let g(z) = -z**3 - 2*z + 1. Let s be g(1). Let h be (-5)/((-10)/(-3))*s. What is j(h)?
6
Let b(v) be the third derivative of -v**5/30 - v**4/8 - v**3/6 - 3*v**2. Suppose -2*a - a + 30 = 0. Suppose a = -8*k + 3*k. Calculate b(k).
-3
Let m(q) be the second derivative of -q**3/6 + 2*q**2 + 2*q. Suppose 2*p - 5*a = -3, 4*p + 2*a = 3*a - 15. Calculate m(p).
8
Let y(a) = 4*a**2 + a + 1. Suppose 2*j + 157 = 155. Give y(j).
4
Let m(j) = 5*j - 55. Let z be m(12). Let i(g) = 2*g - 2. Determine i(z).
8
Let x(o) = -o - 1. Let j = -14 + 11. Let v be 5*(j - (-36)/10). Determine x(v).
-4
Let u(z) = -8*z + 1. Suppose -i + 4 = 5. Calculate u(i).
9
Suppose 5*y + 1 = -5*b + 26, -b = 2*y - 4. Let g(j) = j. Let l(f) = -3*f - 2. Let t(z) = -4*g(z) - l(z). Calculate t(b).
-4
Let g(c) be the first derivative of -3*c**2/2 + 9*c + 33. What is g(7)?
-12
Let o(h) = h**3 - 7*h**2 - 8*h. Suppose -4*v = -17 - 15. Let b be o(v). Let n(r) = r**3 + r + 6. What is n(b)?
6
Suppose n + 26 = 4*l + l, -5*l + 5*n = -10. Suppose 5*h - 2*z = 2, 3*z - l = 3*h - 0*z. Let x(s) = s**3 - 4 + s - s - s - 3*s**h. Give x(4).
8
Let g be (0 + -1 - 1) + 5. Let u(l) = 2*l - 1. Give u(g).
5
Let f(q) = -5 - q - 5 - 7. Give f(0).
-17
Suppose 2*u = -3*u. Let w(r) = r + 7. What is w(u)?
7
Let u(l) be the first derivative of -2 + 2*l - l**2 - 1/20*l**5 - 1/3*l**3 - 1/6*l**4. Let k(w) be the first derivative of u(w). Determine k(-2).
2
Suppose 48*w = 40*w - 8. Let b(f) = -15*f**3 + f**2 + f. Calculate b(w).
15
Suppose -8 = -6*k + 5*k. Let s(v) = -v. Determine s(k).
-8
Let x = -8 - -15. Suppose 8 + x = 5*q. Let i(g) = g**2 + 6 + 0 - 8 - 3*g. What is i(q)?
-2
Let o(k) be the second derivative of -k**5/20 - k**4/3 - k**3/2 - 2*k**2 + 2*k. Let i = -7 + 4. What is o(i)?
-4
Let x(p) = -p**2 - 3*p + 3. Let s(z) = z**2 + z - 1. Let y be s(0). Suppose -q + 4*q + 9 = 0. Let u be -1*(-1 - q - y). What is x(u)?
3
Let r be (-9)/3 - (0 - 2). Let b be 1/r*5*-1. Let k(a) = -a**3 + 4*a**2 + 4*a + 7. Calculate k(b).
2
Let g be 0*3*2/12. Let n(i) be the first derivative of i**2/2 + 11*i + 2. Give n(g).
11
Let v(f) = -10*f**2 - 4*f + f**3 - 1 + 8*f**2 + 0*f**3 + 3. Determine v(3).
-1
Let w(k) = -3*k - 1. Let n be w(-1). Suppose n = -2*v + 10. Suppose -v = 4*h + 4. Let o(u) = -u**3 - u**2 + 3*u + 2. Calculate o(h).
0
Let h be 3/(-1)*4*(-2)/6. Let y(k) = k - 2. Let m(a) = -1. Let r(v) = -5*m(v) + 2*y(v). What is r(h)?
9
Suppose 37 = -5*y + 2. Let l(b) = -b. Determine l(y).
7
Let p(s) = -s**2 + 4 + 2*s - 4*s - 5*s + 10*s. Calculate p(5).
-6
Let j(i) = -i - 7. Let w(o) = -1. Let h(r) = -2*j(r) + 6*w(r). What is h(-7)?
-6
Let i = -47 - -49. Let h(m) = -9*m + 3. Let f(a) = 5*a - 2. Let q(w) = -11*f(w) - 6*h(w). Calculate q(i).
2
Let a(p) be the second derivative of -p**3/2 + p**2 - 2*p. Let j = 20 + -17. Calculate a(j).
-7
Let g = 1 - 0. Let l(o) be the first derivative of -2*o**3/3 - o**2/2 - 2*o - 2. Let a(i) be the first derivative of l(i). What is a(g)?
-5
Let f(t) = -5*t**2 + 5*t - 4. Let k(d) = -8*d**2 + 8 + 7*d**2 + 12*d**2 - 11*d. Let n(w) = 13*f(w) + 6*k(w). Let b = -3 + 3. Determine n(b).
-4
Let j(t) be the first derivative of -8 - 2*t - 1/2*t**2. Determine j(-4).
2
Suppose 0 = g - 0*f + f, 4*g - 5*f = -36. Let c(z) = 5*z - 1. Calculate c(g).
-21
Let v(d) = -7*d - 107 + 2*d + 109 + d**2. Determine v(3).
-4
Suppose 1 - 5 = l - 2*s, -5*s = -5*l - 5. Suppose -q - l*i + 3 = 0, -2*i - 5 - 2 = -q. Let t(w) = -w**2 + 8*w - 4 - w + 0*w**2. Give t(q).
6
Let o(q) = -20*q - 1. Suppose -3*h + 9 = 12. Give o(h).
19
Let g(c) = -3*c**2 + 3*c - 4. Let t(o) = -o**3 + 5*o**2 - 5*o + 7. Let a(n) = -5*g(n) - 3*t(n). Let s = 0 - 2. Let v = 1 + s. Give a(v).
-4
Let r(p) = -2*p + 1. Let s(z) = 2*z**2 - 3*z**2 - 9*z + z**2 + z**3 + 5. Let h(o) = -9*r(o) + 2*s(o). Give h(-1).
-1
Let j = 13 - -1. Suppose 0 = -3*b + 2*b + h + 15, -36 = -2*b + 4*h. Let p(q) = b - 7*q + 3*q - q**2 - j. Give p(-3).
1
Let i(m) be the third derivative of m**4/24 - 7*m**3/3 - 2*m**2. Give i(0).
-14
Let k(r) be the second derivative of 1/12*r**4 - 5/6*r**3 + 2*r**2 + 0 - 9*r. What is k(5)?
4
Suppose p - 4*p - 3 = 0. Let i(q) be the second derivative of 5*q**3/6 + 26*q. Determine i(p).
-5
Let j = -3 + 0. Let r(f) = -f**2 + 24 + 4*f**2 - 25 + f**3. Calculate r(j).
-1
Let n(w) = w + 4. Let l be n(-3). Let x(r) = -r + 1. Let s(t) be the second derivative of -t**3/3 - 4*t**2 - 3*t. Let b(v) = l*x(v) + s(v). What is b(-5)?
8
Let d(p) be the third derivative of p**4/24 - 21*p**2 - 1. What is d(-8)?
-8
Let k = -18 + 21. Let n(g) be the second derivative of -g**4/24 + g**3/3 + g**2/2 + g. Let t(u) be the first derivative of n(u). Calculate t(k).
-1
Let q(o) = 5*o**2 - 4*o - 2. Let v(a) = -5 + 5 - 11*a**2 + 9*a + 5. Let g(d) = 9*q(d) + 4*v(d). Calculate g(3).
11
Let u(o) = -o**3 + 5*o**2 + 4*o + 6. Let b(v) be the first derivative of v**4/4 - 2*v**3/3 - v**2 - v + 1. Let x be b(-2). Let m = -7 - x. Calculate u(m).
-6
Let x(i) = 2*i**3 - 17*i**2 - 23*i - 20. Let z(w) = -w**3 + 6*w**2 + 8*w + 7. Let k(a) = -6*x(a) - 17*z(a). Calculate k(-1).
-6
Let u(v) = 3 + 2 + 0 + 2*v. Let y(p) = -p**3 - 5. Let i be y(0). What is u(i)?
-5
Suppose -8*n + 4*n = 3*z + 7, 0 = -5*z + 4*n - 33. Let l(v) = v + 7. What is l(z)?
2
Let d(x) = x**2 + 6*x - 3. Let o be 7*((-4)/7 - (-8)/(-28)). Determine d(o).
-3
Let c be (-1 + (12/9)/4)*9. Let m(y) = y**3 + 6*y**2 - 5. Give m(c).
-5
Let t(a) be the third derivative of -a**5/60 - 5*a**4/24 - 5*a**3/6 + 2*a**2. What is t(-4)?
-1
Let l(o) be the third derivative of 0*o**4 - 1/6*o**3 + 1/20*o**5 + 0 + 2*o**2 + 0*o. Suppose -3 = -3*n + 6*n. Calculate l(n).
2
Let i(a) = 2*a**3 - 3*a**2 + 5*a - 5. Let j(t) = -t**3 + 2*t**2 - 3*t + 3. Let p(d) = -6*i(d) - 11*j(d). Give p(-5).
7
Let k = -6 + 11. Let f(p) = k*p - 6*p**2 + 11 + p**3 - 9 - 5*p. Give f(6).
2
Let m(f) = -f + 6. Let h(r) = -r**3 - 6*r**2. Let p be h(-6). Determine m(p).
6
Let w(s) = s**3 + 5*s**2 + 5*s + 6. Let h(l) = -2*l - 2. Let i be h(-6). Let u be (-44)/i - (-4)/10. Determine w(u).
2
Let l(g) = -215*g**2 - 1 - 2*g + 6*g + 4*g + 214*g**2 - 6*g. Suppose o = 2, -3*c + 18 = 2*c + 4*o. What is l(c)?
-1
Let l(k) = 7*k**2 + 3*k**2 - 7*k**2 - 2*k**2 + 2 - 9*k. Determine l(8).
-6
Let k(w) = 13*w**3 - w**2 - w - 1. Let o = -7 - -6. Let m be -10 - -12 - (-3)/o. What is k(m)?
-14
Let q(k) be the third derivative of -k**5/60 + k**4/4 - k**3 + 7*k**2. Let y be (-119)/(-21) + 2/(-3). Give q(y).
-1
Let o(d) be the second derivative of d**4/12 + d**3/2 + 3*d*